m = -890*k + 95126, 0 = 4*k - m - 95122. What is the thousands digit of k?
3
Let b(k) = -60*k**3 + 15*k**2 - 2*k - 4. What is the units digit of b(-4)?
4
Suppose 66772 = 5*t + d, -10*d + 6*d = -3*t + 40077. What is the tens digit of t?
5
Suppose -4*v - v + 115 = 0. Let k = 28 - v. Suppose -2*a + 161 = -k*x - 30, 2*x + 467 = 5*a. What is the units digit of a?
3
Let d(i) = 6*i - 21. Let o be d(-4). What is the hundreds digit of 1049/5 - (108/o)/12?
2
Let y(f) = -4*f**2 - 36*f + 3. Let u be y(-9). Suppose -15*m + 18*m - 2247 = 2*v, u*v = -m + 738. What is the hundreds digit of m?
7
What is the thousands digit of 8 + 6324 - (-1 + -12)?
6
Suppose 2*f - 4*f - 20*f = -75658. What is the tens digit of f?
3
Suppose p + 2*d - 620 = -2*d, -5*p - 3*d + 3083 = 0. Let z = p - 378. What is the hundreds digit of z?
2
Let p = 1751 + -3063. Let s = 1975 + p. Suppose -5*d = -s - 7. What is the hundreds digit of d?
1
Suppose 26*y = -5914 + 17354. Suppose -y*n = -446*n + 3618. What is the hundreds digit of n?
6
Let h be (1/2)/(3/(-18)). Let r be h - (-352 - 4/(-4)). Suppose -v - 3*v + r = 0. What is the tens digit of v?
8
Let i be (-138)/24*12/(-3). Let y(t) = 29*t - 164. What is the tens digit of y(i)?
0
Suppose 4*x - 2 - 58 = 0. Suppose 4*u - 1 = x. Suppose -m = -2*p + 4*m + 331, 3*p - u*m = 486. What is the units digit of p?
8
Suppose 0 = -6*a + 8*a + 470. Let n = a + 348. Let o = 186 - n. What is the tens digit of o?
7
Suppose 2*u - i - 37 = -0*u, 5*u + 2*i - 79 = 0. Suppose 2916 = 99*m - 90*m. Suppose u*t - m = 13*t. What is the tens digit of t?
8
Let b(g) = -27*g - 28. Let j be b(-16). Suppose -j = 55*d - 56*d. What is the tens digit of d?
0
Suppose 6975 = k + f, 0 = -3*k + 4*f - 8*f + 20921. What is the hundreds digit of k?
9
Let f be 28/(-35) - (0 - 1977/15). Let r = 310 - f. What is the hundreds digit of r?
1
Let n = -4580 - -10696. What is the hundreds digit of n?
1
Suppose 4*a = 3*z + 247, 51 = a - z - 10. Let l = a + -59. Suppose 57 = l*n - 18. What is the tens digit of n?
1
Suppose o = t + 257, 4*t - 20 = 9*t. Let a = o - 104. What is the tens digit of a?
4
Suppose 3 - 9 = -3*z + 3*q, z + 6 = -3*q. Suppose 17*i - 3140 - 4374 = z. What is the tens digit of i?
4
What is the hundreds digit of -6 + (-1753520)/(-55) - (-38)/(-209)?
8
Let q = 8729 + -4835. What is the thousands digit of q?
3
Suppose 6063 = -56*s + 99*s. Suppose 2*x + 0*x = 202. Suppose 2*n - x = s. What is the units digit of n?
1
Suppose -201*k + 198*k = -5*w + 8441, 0 = -w - 5*k + 1677. What is the thousands digit of w?
1
Let v(t) = t**2 + 3*t + 1. Let x be v(-4). Suppose -x*y = 4*y + 11196. What is the units digit of 3/((-30)/y) - 12/30?
4
Let l = 121 - 61. Let y = -18 + l. Suppose 0 = 6*a - 3*a - y. What is the tens digit of a?
1
Suppose 4*u - 162362 = 2*q + 72870, -3*u + 4*q = -176434. What is the thousands digit of u?
8
Suppose -4*k + 28 = 0, 0 = -4*b + 2*k - 7*k + 20291. What is the thousands digit of b?
5
What is the hundreds digit of (2 - 5) + 14/((-168)/(-10524))?
8
Suppose -2*p - 820 = -4*p. Suppose -2*t - 1618 = -4*g - 0*t, 5*t - p = -g. What is the tens digit of g?
0
Let r = 620 - 893. Let m = 80 + -561. Let g = r - m. What is the units digit of g?
8
What is the tens digit of (-24)/(-72) + (114170/3)/7?
3
Let f be 1/(-2) - (-5400)/(-16). Let k = 1956 + -2129. Let j = k - f. What is the tens digit of j?
6
Let v be (20/(-6))/(22/(-33)). Suppose -15 = -0*f - v*f. Suppose -140 - 175 = -f*p. What is the hundreds digit of p?
1
Let u(z) = 8*z**2 - 13*z - 46. Let b(y) = -7*y**2 + 14*y + 47. Let w(i) = -5*b(i) - 4*u(i). What is the tens digit of w(-9)?
5
Let u = 26 + -16. Let d(c) = -51*c + 404. Let i be d(9). What is the tens digit of i/2*(-8)/u?
2
Let c be 28124/36 - -6 - 8/36. Suppose k - 2*x - 153 = 0, -5*k + 0*k = x - c. What is the hundreds digit of k?
1
Let z(t) = -2*t + 36. Let j = 154 - 160. What is the tens digit of z(j)?
4
Let a be (-2034)/(-48) + -2*6/32. Let l = a - 35. What is the units digit of l?
7
Let t = 87 + -76. Suppose -9*p + t*p - 10 = 0. Suppose -p*i = -3*o - 1170, 2*i - o - 468 = -0*i. What is the tens digit of i?
3
What is the tens digit of (-136)/10*((-507570)/1020 + 2/17)?
6
Suppose 125 = 3*g - 4*q, -q = -2*g + 3*q + 90. What is the tens digit of g*(-4 + 12) + -4?
7
Let j be (-9 - (-276)/30) + (-105)/25. Let s(q) = q - 3*q**2 - 2 + 4*q + 8 - q**3. What is the units digit of s(j)?
2
Let w be 204/(-16) + 4/(-16) + 1. What is the units digit of 1576/5 - w/(-60)?
5
Let a = -1734 - -1744. Suppose -i - 36 = -3*i. What is the tens digit of (-1)/(-1) + i*a?
8
Suppose -7*z + 3*z = 0, 4*n + 8 = -2*z. What is the units digit of ((-70)/30 - -9)/(n/(-87))?
0
Let g(m) = m + 26. Let a be g(-6). Suppose -a*h = -16*h + 168. Let i = 19 - h. What is the units digit of i?
1
Suppose 9*c + 56 = 16*c. Let a be 2/(-16)*14 + c/(-32). What is the units digit of -9*a/(-4)*(-2 + -24)?
7
Suppose 7*w = 10*w. Let o = 52 + -20. What is the units digit of o/1 + 0 + w?
2
Let r be (6 - 7)*1 - (-112)/(-1). Let o(b) = -4*b - 8. Let z be o(-2). Let t = z - r. What is the hundreds digit of t?
1
What is the tens digit of (-23470)/8*32/(-20)?
9
Let x be (7/(-7) + -1)/(2/(-3)). Let j(h) = 6*h**2 - 8*h + 4. What is the units digit of j(x)?
4
Let r(k) = -22*k - 15. Let x be r(-9). Let n = x + -179. What is the units digit of n?
4
Let v(i) = -3*i**2 - 2*i - 17. Let m be v(-6). Let f = 175 + m. Let h = f + -20. What is the tens digit of h?
4
Suppose -3*d = 16 - 58. Let r(x) = -x**2 + 27*x + 37. Let n be r(29). Let p = d - n. What is the units digit of p?
5
Suppose 4*w = -l + 45, -2*w + 8 = -l - 7. Suppose 186 = w*q + 46. What is the units digit of (-2 + q)*(23 + -11)?
4
Let g(f) = 20*f**2 + 99*f - 329. What is the tens digit of g(16)?
7
Let n(y) = -36*y - 24. Let q(d) = -252*d - 168. Let f(z) = 36*n(z) - 5*q(z). Suppose 7*o + 8 + 34 = 0. What is the units digit of f(o)?
2
Let k(s) = -s**3 + 10*s**2 - 15*s + 2. Let p be k(8). What is the hundreds digit of (2492/p)/7*5?
1
Suppose -139*d + 9485430 = 38*d. What is the hundreds digit of d?
5
Let g be 1*(-4 - (1 - 4)). Let d be -1 + g/(2/(-10)). Suppose 0 = 5*b - 3*n - 410, -d*b - n + 214 = -97. What is the units digit of b?
9
Let v = -890 - -883. What is the units digit of 683 + (-4 - (v + 2))?
4
Let n = -23108 + 39309. What is the ten thousands digit of n?
1
Let b = -7 - 5. Let x(w) = -9*w + 24. Let s be x(b). Suppose -o = -0*o - s. What is the hundreds digit of o?
1
Let z(r) = r**2 + 2*r - 31. Let j be z(5). Suppose 4*s = k - 3*k + 2432, -5*k + j*s = -6094. What is the thousands digit of k?
1
Let o(i) = 14*i + 13. Let g be o(-2). What is the units digit of (-18)/4*(6 + 250/g)?
8
Suppose -20 = 5*p, -l + p + 2*p + 17 = 0. Suppose l*r - 4*o + 1 + 3 = 0, 0 = 4*o - 4. Suppose -4*d + r*d + 436 = 0. What is the hundreds digit of d?
1
Let v(r) = r + 1. Let k be v(1). What is the hundreds digit of (6 - -7)/(k/54)?
3
Let n = 10499 - 4922. What is the hundreds digit of n?
5
Let s = 1001 + -366. Suppose -3*l - 4*v = -s + 17, -4*v = 5*l - 1030. What is the units digit of l?
6
Suppose -109*p - 117 = -118*p. Suppose 98 = -12*o + p*o. What is the tens digit of o?
9
Let c = 10409 - -482. What is the tens digit of c?
9
Let t = -13 + 7. Let u be (t/(-4))/(6/20). Suppose u*y + 22 - 307 = 0. What is the tens digit of y?
5
Let f = 29 - 28. Suppose -2*c + f - 1 = 0. Suppose c = -2*u + 2*n + 3*n + 89, -u - 2*n = -67. What is the units digit of u?
7
Let s = 1 + -45. Let i = s + 47. What is the units digit of (3/6)/(i/1002)?
7
Let m = 109 + -104. Suppose -3*h - 5*v = -1262, -5*h + 2*h = -m*v - 1312. What is the units digit of h?
9
Suppose -15 = -7*c + 4*c, 5*f = c + 10135. Suppose -3*d + 2036 = 4*w - 2*d, -4*w + f = -d. What is the tens digit of w?
0
Suppose i = -5*f + 7746, 344*i + 6193 = 4*f + 341*i. What is the tens digit of f?
4
Let p(y) = y**3 + 4*y**2 - 15*y - 19. Let x be p(-6). What is the units digit of 22/6*219 + x?
2
Suppose 0 = 3*h + 15, -18*l + 16*l + 2*h + 5376 = 0. What is the units digit of l?
3
Let h(t) = -t**3 - 7*t**2 + 6*t + 5. Let i = -77 - -29. Let p = -56 - i. What is the units digit of h(p)?
1
Let f be (-1)/((-72)/33 - -2)*(21 + 29). Suppose -2 = -4*t - 3*c + 5*c, 4*c = 4*t + 8. What is the units digit of (t + -4 - 4) + f?
0
Let c(v) = -2*v**2 - 50*v + 14.